{"id":25,"date":"2020-12-20T13:24:02","date_gmt":"2020-12-20T13:24:02","guid":{"rendered":"https:\/\/www.beagles-from-vivids-pack.de\/?page_id=25"},"modified":"2026-01-25T19:27:08","modified_gmt":"2026-01-25T19:27:08","slug":"beagles-from-vivids-pack","status":"publish","type":"page","link":"https:\/\/www.beagles-from-vivids-pack.de\/","title":{"rendered":"Willkommen bei Beagles from vivids pack"},"content":{"rendered":"\n<p>Wir sind Mitglied im <a href=\"https:\/\/www.beagleclub.de\/\">Beagle Club Deutschland e.v.&nbsp;<\/a>.<\/p>\n\n\n\n<p>Unsere Zucht ist vom&nbsp;&nbsp;Verband f\u00fcr das Deutsche Hundewesen (<a href=\"https:\/\/www.vdh.de\/home\/\">VDH<\/a>) e. V. und von der F\u00e9d\u00e9ration Cynologique Internationale (<a href=\"http:\/\/www.fci.be\/de\/\">FCI<\/a>) anerkannt und international gesch\u00fctzt.<\/p>\n\n\n\n<figure class=\"wp-block-table\"><table><tbody><tr><td>\n<figure><img decoding=\"async\" loading=\"lazy\" class=\"alignnone  wp-image-221\" src=\"https:\/\/www.beagles-from-vivids-pack.de\/wp-content\/uploads\/2020\/12\/Noni_2-167x300.jpeg\" alt=\"\" width=\"152\" height=\"273\" srcset=\"https:\/\/www.beagles-from-vivids-pack.de\/wp-content\/uploads\/2020\/12\/Noni_2-167x300.jpeg 167w, https:\/\/www.beagles-from-vivids-pack.de\/wp-content\/uploads\/2020\/12\/Noni_2-571x1024.jpeg 571w, https:\/\/www.beagles-from-vivids-pack.de\/wp-content\/uploads\/2020\/12\/Noni_2.jpeg 599w\" sizes=\"(max-width: 152px) 100vw, 152px\" \/><\/figure><p><\/p>\n<\/td><td><a href=\"https:\/\/www.beagles-from-vivids-pack.de\/?page_id=119\"><img decoding=\"async\" loading=\"lazy\" class=\"alignnone  wp-image-29\" src=\"https:\/\/www.beagles-from-vivids-pack.de\/wp-content\/uploads\/2020\/12\/D74874BC-29FC-4146-9CD3-1AA787703264-236x300.jpeg\" alt=\"\" width=\"211\" height=\"268\" srcset=\"https:\/\/www.beagles-from-vivids-pack.de\/wp-content\/uploads\/2020\/12\/D74874BC-29FC-4146-9CD3-1AA787703264-236x300.jpeg 236w, https:\/\/www.beagles-from-vivids-pack.de\/wp-content\/uploads\/2020\/12\/D74874BC-29FC-4146-9CD3-1AA787703264.jpeg 582w\" sizes=\"(max-width: 211px) 100vw, 211px\" \/><\/a><\/td><\/tr><tr><td><strong>New Impressions Winona Whitley<\/strong> (&#8220;<a href=\"https:\/\/www.beagles-from-vivids-pack.de\/?page_id=126\">Noni<\/a>&#8220;)&nbsp;<br><br><\/td><td>\n<p style=\"text-align: center;\"><strong>New&nbsp;Impressions Vivid Voice<\/strong> (&#8220;<a href=\"https:\/\/www.beagles-from-vivids-pack.de\/?page_id=119\">Sally<\/a>&#8220;)<\/p>\n<\/td><\/tr><\/tbody><\/table><\/figure>\n\n\n\n<h4 class=\"has-text-align-left\">\u00a0<strong>Wir planen im Fr\u00fchjahr 2026 unseren n\u00e4chsten Wurf.<\/strong><\/h4>\n\n\n\n<p><\/p>\n\n\n\n<div class=\"is-layout-flex wp-container-2 wp-block-columns\">\n<div class=\"is-layout-flow wp-block-column\" style=\"flex-basis:100%\">\n<figure class=\"wp-block-image size-large\"><img decoding=\"async\" loading=\"lazy\" width=\"768\" height=\"1024\" src=\"https:\/\/www.beagles-from-vivids-pack.de\/wp-content\/uploads\/2025\/04\/b8d9f7e2-bd09-4484-affa-69f63976c0fa-768x1024.jpeg\" alt=\"\" class=\"wp-image-403\" srcset=\"https:\/\/www.beagles-from-vivids-pack.de\/wp-content\/uploads\/2025\/04\/b8d9f7e2-bd09-4484-affa-69f63976c0fa-768x1024.jpeg 768w, https:\/\/www.beagles-from-vivids-pack.de\/wp-content\/uploads\/2025\/04\/b8d9f7e2-bd09-4484-affa-69f63976c0fa-225x300.jpeg 225w, https:\/\/www.beagles-from-vivids-pack.de\/wp-content\/uploads\/2025\/04\/b8d9f7e2-bd09-4484-affa-69f63976c0fa-1152x1536.jpeg 1152w, https:\/\/www.beagles-from-vivids-pack.de\/wp-content\/uploads\/2025\/04\/b8d9f7e2-bd09-4484-affa-69f63976c0fa.jpeg 1536w\" sizes=\"(max-width: 768px) 100vw, 768px\" \/><\/figure>\n<\/div>\n<\/div>\n\n\n\n<h5><\/h5>\n\n\n\n<p class=\"has-text-align-center\">&nbsp;<\/p>\n\n\n<div class=\"wp-block-image\">\n<figure class=\"aligncenter\"><img decoding=\"async\" loading=\"lazy\" width=\"180\" height=\"165\" src=\"https:\/\/www.beagles-from-vivids-pack.de\/wp-content\/uploads\/2020\/12\/BCD_logo_2004.png\" alt=\"\" class=\"wp-image-207\"\/><\/figure><\/div>\n\n<div class=\"wp-block-image\">\n<figure class=\"aligncenter\"><img decoding=\"async\" loading=\"lazy\" width=\"300\" height=\"168\" src=\"https:\/\/www.beagles-from-vivids-pack.de\/wp-content\/uploads\/2020\/12\/VDH_logo-300x168.png\" alt=\"\" class=\"wp-image-208\"\/><\/figure><\/div>\n\n<div class=\"wp-block-image\">\n<figure class=\"aligncenter\"><img decoding=\"async\" loading=\"lazy\" width=\"300\" height=\"300\" src=\"https:\/\/www.beagles-from-vivids-pack.de\/wp-content\/uploads\/2020\/12\/1200px-FCI_Logo.svg_-300x300.png\" alt=\"\" class=\"wp-image-210\" srcset=\"https:\/\/www.beagles-from-vivids-pack.de\/wp-content\/uploads\/2020\/12\/1200px-FCI_Logo.svg_-300x300.png 300w, https:\/\/www.beagles-from-vivids-pack.de\/wp-content\/uploads\/2020\/12\/1200px-FCI_Logo.svg_-150x150.png 150w, https:\/\/www.beagles-from-vivids-pack.de\/wp-content\/uploads\/2020\/12\/1200px-FCI_Logo.svg_-768x768.png 768w, https:\/\/www.beagles-from-vivids-pack.de\/wp-content\/uploads\/2020\/12\/1200px-FCI_Logo.svg_-1024x1024.png 1024w, https:\/\/www.beagles-from-vivids-pack.de\/wp-content\/uploads\/2020\/12\/1200px-FCI_Logo.svg_.png 1200w\" sizes=\"(max-width: 300px) 100vw, 300px\" \/><\/figure><\/div>","protected":false},"excerpt":{"rendered":"<p>Wir sind Mitglied im Beagle Club Deutschland e.v.&nbsp;. Unsere Zucht ist vom&nbsp;&nbsp;Verband f\u00fcr das Deutsche Hundewesen (VDH) e. V. und von der F\u00e9d\u00e9ration Cynologique Internationale (FCI) anerkannt und international gesch\u00fctzt. New Impressions Winona Whitley (&#8220;Noni&#8220;)&nbsp; New&nbsp;Impressions Vivid Voice (&#8220;Sally&#8220;) \u00a0Wir planen im Fr\u00fchjahr 2026 unseren n\u00e4chsten Wurf. &nbsp;<\/p>\n","protected":false},"author":1,"featured_media":0,"parent":0,"menu_order":0,"comment_status":"closed","ping_status":"closed","template":"","meta":[],"_links":{"self":[{"href":"https:\/\/www.beagles-from-vivids-pack.de\/index.php?rest_route=\/wp\/v2\/pages\/25"}],"collection":[{"href":"https:\/\/www.beagles-from-vivids-pack.de\/index.php?rest_route=\/wp\/v2\/pages"}],"about":[{"href":"https:\/\/www.beagles-from-vivids-pack.de\/index.php?rest_route=\/wp\/v2\/types\/page"}],"author":[{"embeddable":true,"href":"https:\/\/www.beagles-from-vivids-pack.de\/index.php?rest_route=\/wp\/v2\/users\/1"}],"replies":[{"embeddable":true,"href":"https:\/\/www.beagles-from-vivids-pack.de\/index.php?rest_route=%2Fwp%2Fv2%2Fcomments&post=25"}],"version-history":[{"count":87,"href":"https:\/\/www.beagles-from-vivids-pack.de\/index.php?rest_route=\/wp\/v2\/pages\/25\/revisions"}],"predecessor-version":[{"id":434,"href":"https:\/\/www.beagles-from-vivids-pack.de\/index.php?rest_route=\/wp\/v2\/pages\/25\/revisions\/434"}],"wp:attachment":[{"href":"https:\/\/www.beagles-from-vivids-pack.de\/index.php?rest_route=%2Fwp%2Fv2%2Fmedia&parent=25"}],"curies":[{"name":"wp","href":"https:\/\/api.w.org\/{rel}","templated":true}]}}